{"id":9,"date":"2025-04-08T11:24:54","date_gmt":"2025-04-08T09:24:54","guid":{"rendered":"https:\/\/nassvet.splet.arnes.si\/?page_id=9"},"modified":"2025-04-08T14:50:40","modified_gmt":"2025-04-08T12:50:40","slug":"dejavnosti","status":"publish","type":"page","link":"https:\/\/nas-svet.si\/?page_id=9","title":{"rendered":"Dejavnosti"},"content":{"rendered":"\n<p>\u0160PORT, PLES in GIBANJE<\/p>\n\n\n\n<p>Delo v vrtcu strokovnim delavkam ponuja \u0161tevilne mo\u017enosti za telesni razvoj otrok, razvoj ritma in \u010duta za gibanje skozi \u0161portne dejavnosti, ples in naravne oblike gibanja. V vrtcu zagotavljamo \u0161portne pripomo\u010dke Wesco in Elan, zunanje igri\u0161\u010de pa zajema travnate povr\u0161ine, igrala, \u010dutno pot in razgibala. Izvajamo \u0161portne dneve v obliki pohodov, zimskih iger, plesnih delavnic, pa tudi prilagajanje na vodo.<\/p>\n\n\n\n<figure class=\"wp-block-gallery has-nested-images columns-default is-cropped wp-block-gallery-1 is-layout-flex wp-block-gallery-is-layout-flex\">\n<figure class=\"wp-block-image size-large\"><img loading=\"lazy\" decoding=\"async\" width=\"439\" height=\"311\" data-id=\"37\" src=\"https:\/\/nas-svet.si\/files\/2025\/04\/666.jpg\" alt=\"\" class=\"wp-image-37\" srcset=\"https:\/\/nas-svet.si\/files\/2025\/04\/666.jpg 439w, https:\/\/nas-svet.si\/files\/2025\/04\/666-300x213.jpg 300w, https:\/\/nas-svet.si\/files\/2025\/04\/666-423x300.jpg 423w\" sizes=\"auto, (max-width: 439px) 100vw, 439px\" \/><\/figure>\n\n\n\n<figure class=\"wp-block-image size-large\"><img loading=\"lazy\" decoding=\"async\" width=\"625\" height=\"416\" data-id=\"45\" src=\"https:\/\/nas-svet.si\/files\/2025\/04\/13323.jpg\" alt=\"\" class=\"wp-image-45\" srcset=\"https:\/\/nas-svet.si\/files\/2025\/04\/13323.jpg 625w, https:\/\/nas-svet.si\/files\/2025\/04\/13323-300x200.jpg 300w, https:\/\/nas-svet.si\/files\/2025\/04\/13323-451x300.jpg 451w\" sizes=\"auto, (max-width: 625px) 100vw, 625px\" \/><\/figure>\n\n\n\n<figure class=\"wp-block-image size-large\"><img loading=\"lazy\" decoding=\"async\" width=\"793\" height=\"1024\" data-id=\"36\" src=\"https:\/\/nas-svet.si\/files\/2025\/04\/86-793x1024.jpg\" alt=\"\" class=\"wp-image-36\" srcset=\"https:\/\/nas-svet.si\/files\/2025\/04\/86-793x1024.jpg 793w, https:\/\/nas-svet.si\/files\/2025\/04\/86-232x300.jpg 232w, https:\/\/nas-svet.si\/files\/2025\/04\/86-768x991.jpg 768w, https:\/\/nas-svet.si\/files\/2025\/04\/86.jpg 866w\" sizes=\"auto, (max-width: 793px) 100vw, 793px\" \/><\/figure>\n<\/figure>\n\n\n\n<p>Peka in kuhanje<\/p>\n\n\n\n<p>V prostorih vrtca se nahaja kuhinja z jedilnico \u2013 odli\u010den prostor za kuhanje in peko! Na\u0161i vrti\u010dkarji, opremljeni s pisanimi vrt\u010devskimi predpasniki, vsak mesec kuhajo in pe\u010dejo, se u\u010dijo skrbno in spo\u0161tljivo ravnati s hrano, posku\u0161ajo razli\u010dno hrano in u\u017eivajo v izdelkih, ki jih pripravijo njihove male in tudi najmanj\u0161e roke.<\/p>\n\n\n\n<figure class=\"wp-block-gallery has-nested-images columns-default is-cropped wp-block-gallery-2 is-layout-flex wp-block-gallery-is-layout-flex\">\n<figure class=\"wp-block-image size-large\"><img loading=\"lazy\" decoding=\"async\" width=\"747\" height=\"498\" data-id=\"58\" src=\"https:\/\/nas-svet.si\/files\/2025\/04\/22-1.jpg\" alt=\"\" class=\"wp-image-58\" srcset=\"https:\/\/nas-svet.si\/files\/2025\/04\/22-1.jpg 747w, https:\/\/nas-svet.si\/files\/2025\/04\/22-1-300x200.jpg 300w, https:\/\/nas-svet.si\/files\/2025\/04\/22-1-450x300.jpg 450w\" sizes=\"auto, (max-width: 747px) 100vw, 747px\" \/><\/figure>\n\n\n\n<figure class=\"wp-block-image size-large\"><img loading=\"lazy\" decoding=\"async\" width=\"505\" height=\"758\" data-id=\"59\" src=\"https:\/\/nas-svet.si\/files\/2025\/04\/33-2.jpg\" alt=\"\" class=\"wp-image-59\" srcset=\"https:\/\/nas-svet.si\/files\/2025\/04\/33-2.jpg 505w, https:\/\/nas-svet.si\/files\/2025\/04\/33-2-200x300.jpg 200w\" sizes=\"auto, (max-width: 505px) 100vw, 505px\" \/><\/figure>\n\n\n\n<figure class=\"wp-block-image size-large\"><img loading=\"lazy\" decoding=\"async\" width=\"504\" height=\"336\" data-id=\"60\" src=\"https:\/\/nas-svet.si\/files\/2025\/04\/84-2.jpg\" alt=\"\" class=\"wp-image-60\" srcset=\"https:\/\/nas-svet.si\/files\/2025\/04\/84-2.jpg 504w, https:\/\/nas-svet.si\/files\/2025\/04\/84-2-300x200.jpg 300w, https:\/\/nas-svet.si\/files\/2025\/04\/84-2-450x300.jpg 450w\" sizes=\"auto, (max-width: 504px) 100vw, 504px\" \/><\/figure>\n<\/figure>\n\n\n\n<p>Vrtnarjenje<\/p>\n\n\n\n<p>Na\u0161i vrti\u010dkarji so \u010disto pravi <em>vrti\u010dkarji<\/em>. V vrtcu zbirajo in kalijo semena in ob vrtcu &nbsp;vsako leto zasadijo svoj zelenjavni in zeli\u0161\u010dni vrt ter skozi leto zanj skrbijo, pridno zbirajo pridelke in jih uporabljajo v svojem vsakdanu za ustvarjanje, darila in tudi kot slasten prigrizek.<\/p>\n\n\n\n<figure class=\"wp-block-image size-full\"><img loading=\"lazy\" decoding=\"async\" width=\"944\" height=\"629\" src=\"https:\/\/nas-svet.si\/files\/2025\/04\/fghgghf.jpg\" alt=\"\" class=\"wp-image-62\" srcset=\"https:\/\/nas-svet.si\/files\/2025\/04\/fghgghf.jpg 944w, https:\/\/nas-svet.si\/files\/2025\/04\/fghgghf-300x200.jpg 300w, https:\/\/nas-svet.si\/files\/2025\/04\/fghgghf-768x512.jpg 768w, https:\/\/nas-svet.si\/files\/2025\/04\/fghgghf-450x300.jpg 450w\" sizes=\"auto, (max-width: 944px) 100vw, 944px\" \/><\/figure>\n\n\n\n<p>Kulturne dejavnosti<\/p>\n\n\n\n<p>Bre\u017eice nudijo \u0161tevilne mo\u017enosti za kulturno udejstvovanje otrok vseh starosti skozi festivale, gledali\u0161ke predstave, posebne dogodke in tudi z bli\u017eino kina, Mestnega muzeja, Posavskega gradu, Vodovodnega stolpa. Na\u0161e vrti\u010dkarje vklju\u010dujemo v kulturno \u017eivljenje ter skozi njihove o\u010di spoznavamo preteklost, se nasmejimo ob gledali\u0161ki igri, ali pa se z avtobusom odpravimo v \u017eivalski vrt. V vrtcu poslu\u0161amo zgodbe ob kami\u0161ibaju, zapojemo pesmi in zaple\u0161emo.<\/p>\n\n\n\n<figure class=\"wp-block-image size-large\"><img loading=\"lazy\" decoding=\"async\" width=\"1024\" height=\"683\" src=\"https:\/\/nas-svet.si\/files\/2025\/04\/202-1024x683.jpg\" alt=\"\" class=\"wp-image-63\" srcset=\"https:\/\/nas-svet.si\/files\/2025\/04\/202-1024x683.jpg 1024w, https:\/\/nas-svet.si\/files\/2025\/04\/202-300x200.jpg 300w, https:\/\/nas-svet.si\/files\/2025\/04\/202-768x512.jpg 768w, https:\/\/nas-svet.si\/files\/2025\/04\/202-450x300.jpg 450w, https:\/\/nas-svet.si\/files\/2025\/04\/202.jpg 1386w\" sizes=\"auto, (max-width: 1024px) 100vw, 1024px\" \/><\/figure>\n","protected":false},"excerpt":{"rendered":"<p>\u0160PORT, PLES in GIBANJE Delo v vrtcu strokovnim delavkam ponuja \u0161tevilne mo\u017enosti za telesni razvoj otrok, razvoj ritma in \u010duta za gibanje skozi \u0161portne dejavnosti, ples in naravne oblike gibanja. V vrtcu zagotavljamo \u0161portne pripomo\u010dke Wesco in Elan, zunanje igri\u0161\u010de &hellip; <a href=\"https:\/\/nas-svet.si\/?page_id=9\">Beri naprej <span class=\"meta-nav\">&rarr;<\/span><\/a><\/p>\n","protected":false},"author":118214,"featured_media":0,"parent":0,"menu_order":0,"comment_status":"closed","ping_status":"closed","template":"","meta":{"ngg_post_thumbnail":0,"footnotes":""},"class_list":["post-9","page","type-page","status-publish","hentry"],"_links":{"self":[{"href":"https:\/\/nas-svet.si\/index.php?rest_route=\/wp\/v2\/pages\/9","targetHints":{"allow":["GET"]}}],"collection":[{"href":"https:\/\/nas-svet.si\/index.php?rest_route=\/wp\/v2\/pages"}],"about":[{"href":"https:\/\/nas-svet.si\/index.php?rest_route=\/wp\/v2\/types\/page"}],"author":[{"embeddable":true,"href":"https:\/\/nas-svet.si\/index.php?rest_route=\/wp\/v2\/users\/118214"}],"replies":[{"embeddable":true,"href":"https:\/\/nas-svet.si\/index.php?rest_route=%2Fwp%2Fv2%2Fcomments&post=9"}],"version-history":[{"count":2,"href":"https:\/\/nas-svet.si\/index.php?rest_route=\/wp\/v2\/pages\/9\/revisions"}],"predecessor-version":[{"id":64,"href":"https:\/\/nas-svet.si\/index.php?rest_route=\/wp\/v2\/pages\/9\/revisions\/64"}],"wp:attachment":[{"href":"https:\/\/nas-svet.si\/index.php?rest_route=%2Fwp%2Fv2%2Fmedia&parent=9"}],"curies":[{"name":"wp","href":"https:\/\/api.w.org\/{rel}","templated":true}]}}